{"id":481,"date":"2008-05-16T19:15:05","date_gmt":"2008-05-16T17:15:05","guid":{"rendered":"http:\/\/www.darkart.cz\/?page_id=481"},"modified":"2011-01-11T21:42:01","modified_gmt":"2011-01-11T19:42:01","slug":"prodej","status":"publish","type":"page","link":"https:\/\/darkart.cz\/?page_id=481","title":{"rendered":"Prodej &#8211; tri\u010dka"},"content":{"rendered":"<p align=\"justify\">\n<table style=\"text-align: justify; height: 2572px;\" border=\"0\" cellspacing=\"0\" width=\"500\">\n<tbody>\n<tr valign=\"top\">\n<td style=\"text-align: justify; height: 150px;\" valign=\"top\">\n<p style=\"text-align: justify;\"><img loading=\"lazy\" class=\"attachment wp-att-480 alignleft\" style=\"float: left; margin-right: 10px;\" src=\"http:\/\/www.darkart.cz\/wp-content\/2008\/05\/head_prodej.jpg\" alt=\"head_prodej\" width=\"120\" height=\"120\" \/><\/p>\n<p style=\"text-align: justify;\">Nab\u00edz\u00edm            ke koupi jedine\u010dn\u00e9 s\u00e9rie tri\u010dek s m\u00fdmi n\u00e1vrhy, kter\u00e9 zaru\u010den\u011b v\u011bt\u0161ina            lid\u00ed m\u00edt nebude, proto\u017ee jde o autorsk\u00e9 n\u00e1vrhy a po\u010det tri\u010dek je omezen. Ve chv\u00edli, kdy se n\u011bkter\u00fd druh vyprod\u00e1, nab\u00eddka kon\u010d\u00ed a motiv se u\u017e nebude opakovat. S\u00e9rie jsou bin\u00e1rn\u011b \u010d\u00edslov\u00e1ny. V p\u0159\u00edpad\u011b z\u00e1jmu mne <a href=\"http:\/\/www.darkart.cz\/?page_id=17\">kontaktujte<\/a>.<\/p>\n<p style=\"text-align: justify;\">Trika je mo\u017en\u00e9            doru\u010dit po\u0161tou na dob\u00edrku, nen\u00ed to ale v\u00fdhodn\u00e9.            Pokud chcete u\u0161et\u0159it za            nesmysln\u011b drahou dob\u00edrku \u010cesk\u00e9 po\u0161ty, jej\u00ed\u017e cena se p\u0159i\u010d\u00edt\u00e1 k cen\u011b            trika, m\u016f\u017eete poslat pen\u00edze p\u0159evodem na \u00fa\u010det. Mo\u017enost\u00ed je ale i PayPal, pokud j\u00edm disponujete. V p\u0159\u00edpad\u011b p\u0159evodu nebo Paypalu p\u0159i\u010dt\u011bte k cen\u011b 70,- K\u010d  po\u0161tovn\u00e9\/baln\u00e9, v p\u0159\u00edpad\u011b dob\u00edrky je to 130,- K\u010d.<\/p>\n<p style=\"text-align: justify;\">\n<\/td>\n<\/tr>\n<tr>\n<td><\/td>\n<\/tr>\n<tr style=\"background-color: #000000;\">\n<td style=\"text-align: center;\"><strong>Cyborg<\/strong><\/td>\n<\/tr>\n<tr>\n<td>\n<p style=\"text-align: center;\"><img loading=\"lazy\" class=\"attachment wp-att-484\" src=\"http:\/\/www.darkart.cz\/wp-content\/2008\/05\/cyborg.jpg\" alt=\"cyborg\" width=\"365\" height=\"442\" \/><\/p>\n<\/td>\n<\/tr>\n<tr>\n<td style=\"text-align: right;\"><strong>500,-<\/strong><\/td>\n<\/tr>\n<tr>\n<td>\n<p style=\"text-align: justify;\">CYBORG &#8211; prvn\u00ed autorsk\u00e9            triko, omezen\u00e1 s\u00e9rie, s\u00edtotisk na kvalitn\u00ed bavln\u011b, b\u00edl\u00e1 barva a            podti\u0161t\u011bn\u00e1 \u010derven\u00e1, precizn\u00ed proveden\u00ed. Maxim\u00e1ln\u00ed velikost potisku.            Velikosti L, XL a XXL. <strong>VYPROD\u00c1NO! SOLD OUT!<\/strong><\/p>\n<p align=\"justify\">\n<\/td>\n<\/tr>\n<tr style=\"background-color: #000000;\">\n<td style=\"text-align: center;\"><strong>Trilobite<\/strong><\/td>\n<\/tr>\n<tr>\n<td>\n<p style=\"text-align: center;\"><img loading=\"lazy\" class=\"attachment wp-att-482\" src=\"http:\/\/www.darkart.cz\/wp-content\/2008\/05\/trilobite_boy.jpg\" alt=\"trilobite_boy\" width=\"365\" height=\"442\" \/><\/p>\n<\/td>\n<\/tr>\n<tr>\n<td>\n<p style=\"text-align: center;\"><img loading=\"lazy\" class=\"attachment wp-att-483\" src=\"http:\/\/www.darkart.cz\/wp-content\/2008\/05\/trilobite_girl.jpg\" alt=\"trilobite_girl\" width=\"365\" height=\"442\" \/><\/p>\n<\/td>\n<\/tr>\n<tr>\n<td style=\"text-align: right;\"><strong>500,-<\/strong><\/td>\n<\/tr>\n<tr>\n<td>\n<p style=\"text-align: justify;\">TRILOBITE &#8211; druh\u00e9 v            po\u0159ad\u00ed, omezen\u00e1 s\u00e9rie, s\u00edtotisk na kvalitn\u00ed bavln\u011b, b\u00edl\u00e1 barva a            podti\u0161t\u011bn\u00e1 modr\u00e1, precizn\u00ed proveden\u00ed, st\u00ednov\u00e1n\u00ed. Maxim\u00e1ln\u00ed velikost            potisku, vy\u0161\u0161\u00ed gram\u00e1\u017e tri\u010dka. Velikosti L a XL, d\u00e1msk\u00fd st\u0159ih pouze velikost S.<br \/>\n<strong>Pozor!!! Velikost XL a L            vyprod\u00e1na!!! XL and L size is sold out.<\/strong><\/p>\n<\/td>\n<\/tr>\n<tr>\n<td style=\"text-align: right;\"><strong><br \/>\n<\/strong><\/td>\n<\/tr>\n<tr>\n<td style=\"text-align: center; background-color: #000000;\"><strong>Circlefish<\/strong><\/td>\n<\/tr>\n<tr>\n<td><a title=\"CircleFish p\u00e1nsk\u00e9 triko\" rel=\"lightbox[pics481]\" href=\"http:\/\/www.darkart.cz\/wp-content\/2010\/06\/circlefish_man.jpg\"> <\/a><\/p>\n<p style=\"text-align: center;\"><a title=\"CircleFish p\u00e1nsk\u00e9 triko\" rel=\"lightbox[pics481]\" href=\"http:\/\/www.darkart.cz\/wp-content\/2010\/06\/circlefish_man.jpg\"><img loading=\"lazy\" class=\"attachment wp-att-701\" src=\"http:\/\/www.darkart.cz\/wp-content\/2010\/06\/circlefish_man.jpg\" alt=\"\" width=\"402\" height=\"442\" \/><\/a><\/p>\n<\/td>\n<\/tr>\n<tr>\n<td><a title=\"CircleFish d\u00e1msk\u00e9 triko\" rel=\"lightbox[pics481]\" href=\"http:\/\/www.darkart.cz\/wp-content\/2010\/06\/circlefish_girl.jpg\"> <\/a><\/p>\n<p style=\"text-align: center;\"><a title=\"CircleFish d\u00e1msk\u00e9 triko\" rel=\"lightbox[pics481]\" href=\"http:\/\/www.darkart.cz\/wp-content\/2010\/06\/circlefish_girl.jpg\"><img loading=\"lazy\" class=\"attachment wp-att-702\" src=\"http:\/\/www.darkart.cz\/wp-content\/2010\/06\/circlefish_girl.jpg\" alt=\"\" width=\"402\" height=\"442\" \/><\/a><\/p>\n<\/td>\n<\/tr>\n<tr>\n<td style=\"text-align: right;\"><strong>500,-<\/strong><\/td>\n<\/tr>\n<tr>\n<td>CIRCLEFISH &#8211; t\u0159et\u00ed, omezen\u00e1 s\u00e9rie tri\u010dek, s\u00edtotisk na kvalitn\u00ed bavln\u011b, b\u00edl\u00e1 barva a podti\u0161t\u011bn\u00e1 studen\u00e1 \u0161ed\u00e1, potisk na hrudn\u00edku a na z\u00e1dech v oblasti lopatky. Precizn\u00ed proveden\u00ed, detail. Vy\u0161\u0161\u00ed gram\u00e1\u017e tri\u010dka, u d\u00e1msk\u00e9ho lehce elastick\u00e9. Vyrobeno ve velikostech: p\u00e1nsk\u00e1 L, XL, XXL, d\u00e1msk\u00e1 S, M. <strong>Moment\u00e1ln\u011b dostupn\u00e9: v\u0161echny velikosti krom\u011b XXL &#8211; VYPROD\u00c1NO. <\/strong>Pro lep\u0161\u00ed p\u0159edstavu o rozm\u011brech tri\u010dek se m\u016f\u017eete pod\u00edvat na <a href=\"http:\/\/www.darkart.cz\/data\/shirt_sizes.jpg\" target=\"_blank\">orienta\u010dn\u00ed tabulku velikost\u00ed<\/a>.<\/td>\n<\/tr>\n<tr>\n<td style=\"text-align: right;\"><strong><br \/>\n<\/strong><\/td>\n<\/tr>\n<\/tbody>\n<\/table>\n","protected":false},"excerpt":{"rendered":"<p>Nab\u00edz\u00edm ke koupi jedine\u010dn\u00e9 s\u00e9rie tri\u010dek s m\u00fdmi n\u00e1vrhy, kter\u00e9 zaru\u010den\u011b v\u011bt\u0161ina lid\u00ed m\u00edt nebude, proto\u017ee jde o autorsk\u00e9 n\u00e1vrhy a po\u010det tri\u010dek je omezen. Ve chv\u00edli, kdy se n\u011bkter\u00fd druh vyprod\u00e1, nab\u00eddka kon\u010d\u00ed a motiv se u\u017e nebude opakovat. S\u00e9rie jsou bin\u00e1rn\u011b \u010d\u00edslov\u00e1ny. V p\u0159\u00edpad\u011b z\u00e1jmu mne kontaktujte. Trika je mo\u017en\u00e9 doru\u010dit po\u0161tou na [&hellip;]<\/p>\n","protected":false},"author":1,"featured_media":0,"parent":0,"menu_order":39,"comment_status":"closed","ping_status":"open","template":"","meta":{"ngg_post_thumbnail":0},"_links":{"self":[{"href":"https:\/\/darkart.cz\/index.php?rest_route=\/wp\/v2\/pages\/481"}],"collection":[{"href":"https:\/\/darkart.cz\/index.php?rest_route=\/wp\/v2\/pages"}],"about":[{"href":"https:\/\/darkart.cz\/index.php?rest_route=\/wp\/v2\/types\/page"}],"author":[{"embeddable":true,"href":"https:\/\/darkart.cz\/index.php?rest_route=\/wp\/v2\/users\/1"}],"replies":[{"embeddable":true,"href":"https:\/\/darkart.cz\/index.php?rest_route=%2Fwp%2Fv2%2Fcomments&post=481"}],"version-history":[{"count":0,"href":"https:\/\/darkart.cz\/index.php?rest_route=\/wp\/v2\/pages\/481\/revisions"}],"wp:attachment":[{"href":"https:\/\/darkart.cz\/index.php?rest_route=%2Fwp%2Fv2%2Fmedia&parent=481"}],"curies":[{"name":"wp","href":"https:\/\/api.w.org\/{rel}","templated":true}]}}